2 + 2*u - 2. Let b be a(-2). Suppose 0 = b*l - 3*l + 16. What is the remainder when l is divided by 5?
1
Suppose 141 = 4*f - 27. Calculate the remainder when f is divided by 11.
9
Let b(v) = 3*v**3 + v - 1. Let u be b(1). Suppose -u*s = -s - 8. What is the remainder when 10 is divided by s?
2
Let f(s) = 3*s - 2. Suppose -5*m = 3*i - i - 8, -m - 2*i + 8 = 0. Suppose m*b = -2*b + 4. What is the remainder when f(2) is divided by b?
0
Let o(l) = 46*l**3 - l**2. Let r be o(-1). Let d = r + 82. What is the remainder when d is divided by 2 - (-14 + -1 + -1)?
17
Let a(d) = 14*d - 50. Let x = 4 - 1. Calculate the remainder when a(4) is divided by x.
0
Let g(f) = -f**2 + 10*f - 3. What is the remainder when 81 is divided by g(6)?
18
Suppose 3*s + 4 + 8 = 0. Let c = 6 + s. What is the remainder when 5*1 + 2*-1 is divided by c?
1
Let r be ((-2)/4)/(2/48). Suppose -2*p + 10 + 0 = 0. What is the remainder when 0 - 2*r/3 is divided by p?
3
Calculate the remainder when 5 is divided by (6/4)/(2/4).
2
Let c = 9 - -3. Suppose c = p - 4*p. What is the remainder when 29 is divided by 6/(-4)*(p - 6)?
14
Let s = -733 + 738. Suppose -2*y - 23 = -3*h, -h - y - 8 = -24. What is the remainder when h is divided by s?
1
Let s(l) = -l + 11. Suppose 0 = -c - 0 + 9. Calculate the remainder when 3 is divided by s(c).
1
Suppose -3*k - j = -31, -2*j + 4*j + 1 = k. Suppose 0 = 2*t - 3 - 63. Calculate the remainder when t is divided by k.
6
What is the remainder when 78 is divided by ((-36)/(-8))/(-9)*-56?
22
Let l(o) = -o**2 - 14*o - 9. Let q(t) = -2*t - t + 4*t - 5 - 5 + t**2. Let i be q(0). Calculate the remainder when l(i) is divided by 16.
15
Let p = -52 - -59. What is the remainder when 27 is divided by p?
6
Suppose -156 = -0*n - 2*n. Suppose -5*y = -23 - 77. Calculate the remainder when n is divided by y.
18
Let t(m) = m**3 - 6*m**2 + 9*m - 9. Calculate the remainder when 2/(-9) - 364/(-18) is divided by t(5).
9
Calculate the remainder when (44/(-12))/(3/(-27)) is divided by 24.
9
Let h(w) = -w**3 + 6*w**2 + 6. Let x be h(6). Let k(a) = a**3 + 7*a**2 + 7*a + 5. What is the remainder when k(-5) is divided by (x - 1) + (0 - -2)?
6
Let a = -33 - -42. Calculate the remainder when 44 is divided by a.
8
Suppose -3*j + 4*p = -4*j + 2, 3*j + 5*p + 8 = 0. Let i = j - -10. Calculate the remainder when i is divided by 2.
0
Let r = -63 - -70. What is the remainder when 34 is divided by r?
6
Suppose -100 = -4*j - j - 5*w, 4*j - w - 60 = 0. Let s = -3 - -9. What is the remainder when j is divided by s?
4
Let t(k) = -k**3 - 3*k**2 - 2*k - 3. Let u = -1 - 2. Let l be t(u). Let w = l - -1. What is the remainder when 6 is divided by w?
2
Suppose -5*q + 53 = -212. Let d = -56 - -102. Let m = -28 + d. What is the remainder when q is divided by m?
17
Let b = -3 + 54. Calculate the remainder when b is divided by 3.
0
Suppose 0 = -3*f + 4*f - 32. Suppose 5*o - 33 = f. Calculate the remainder when 25 is divided by o.
12
Let q(n) = -n**2 + 12*n + 1. Suppose p - 20 = -3*p, 2*u - 5 = 3*p. Calculate the remainder when 40 is divided by q(u).
19
Let r = 163 + -141. What is the remainder when 123 is divided by r?
13
Suppose -13 - 11 = -2*c. Suppose 4*i = p + 3*p + c, -3*p = 3*i - 9. What is the remainder when 6 is divided by i?
0
Let f = 37 + -20. Calculate the remainder when f is divided by 10.
7
Suppose -2*u - 2*x = -40, u + 2*u - 70 = 2*x. Calculate the remainder when 85 is divided by u.
19
Let x = 20 + -13. Suppose 5*y = x*y - 52. What is the remainder when y is divided by 9?
8
Suppose o - 25 = 19. Calculate the remainder when -3*2*o/(-12) is divided by 3/5 - 74/(-10).
6
Let g(r) = r + 5. Suppose n + 2*n + 15 = 0. Let j be g(n). Suppose k - 2*k + 5 = j. What is the remainder when 14 is divided by k?
4
Let v(y) = -y - 1. Let j be v(-4). Suppose 0*b - j*d = 3*b, 3 = -3*d. Let k = b - -2. What is the remainder when 5 is divided by k?
2
Let a = -48 + 56. What is the remainder when 38 is divided by a?
6
Let a(r) = -r**3 - 17*r**2 + 14*r + 45. Calculate the remainder when a(-18) is divided by 24.
21
Suppose 2*p = 6*p + 84. Let r = p + 64. Suppose -2*d + 5*z + 44 = 0, 3*d + 2*z + 2*z = r. Calculate the remainder when 32 is divided by d.
15
Suppose 6*o - 5*o = 11. Calculate the remainder when 43 is divided by o.
10
Let i = 133 - 81. Suppose 1 = -h + 7. Suppose -b - 90 = -h*b. What is the remainder when i is divided by b?
16
Let f(c) = c**2 + 2*c - 3. Let p be f(5). Suppose -4*k - 5*q = -66, -2*q = 2*k - 0*k - p. Let t = 58 + -32. What is the remainder when t is divided by k?
12
Let m(h) = h**2 - 6*h + 6. Let g be m(4). Let t = 54 - 23. Calculate the remainder when t is divided by g/3*66/(-4).
9
Let c be 10/4 - 1/(-2). Suppose c*f = 2*f + 9. Suppose 65 = 5*g - 5*b + 20, 2*g = -3*b - 7. Calculate the remainder when f is divided by g.
1
Let g = 2 - 0. Suppose 4*p = -g*m + 56, -4*m = 11 + 5. Calculate the remainder when 46 is divided by p.
14
What is the remainder when (3/2)/((-7)/(-182)) is divided by 21?
18
Suppose 6*y + 690 = 12*y. What is the remainder when y is divided by 17?
13
Let v(t) = -t**2 + 12*t - 8. Suppose -1 = 2*p - c - 25, -6 = 3*c. Let j = 17 - 10. What is the remainder when j is divided by v(p)?
1
Let f(d) = d. Suppose 2*x + 2*x - 4 = 0, 0 = 4*m - 4*x + 4. Suppose m = -2*h + 5 - 1. What is the remainder when f(4) is divided by h?
0
Suppose -13 - 62 = -5*z. Let j = z + -6. Calculate the remainder when j is divided by 4.
1
Let k(w) = -w + 4. Calculate the remainder when 1/(1/(-8))*-2 is divided by k(-6).
6
Calculate the remainder when 44 is divided by ((-20)/(-12))/((-5)/(-15)).
4
Suppose q - 161 = 4*v, -5*v - q - 22 - 186 = 0. Suppose 2*b = 108 + 10. Let f = v + b. What is the remainder when 52 is divided by f?
16
Let p(d) = d**3 + 7*d**2 - 3*d - 5. Suppose -26 = 3*r - t, -5*r + r + t = 33. Calculate the remainder when (-184)/(-6) + 4/(-6) is divided by p(r).
14
Suppose 7*f = 2*f. Suppose f = -0*w - w + 5. Calculate the remainder when 12 is divided by w.
2
Let o(x) = x**2 + 3*x + 1. Let z be o(-7). Let b = 52 - z. What is the remainder when b is divided by 6?
5
Suppose -5*d = -3*w + 73, 7*w = 4*w + 4*d + 68. Calculate the remainder when (-1 + 5)/(4/30) is divided by w.
14
Let p(x) = 3*x**2 + 1. Let y(s) = 1 + 1 - s**3 + 0 - s. Let j be y(0). Calculate the remainder when p(j) is divided by 7.
6
Suppose -5*n + 10 = 0, -2*i + n - 32 = i. Let x be (-29)/(-5) + (-2)/i. Suppose l = -j + 16, -x*j = -j + 20. Calculate the remainder when l is divided by 7.
6
Let i(q) = q**3 + 4*q**2 - q + 1. Let l = -4 - 0. Let p = l - -6. What is the remainder when i(-4) is divided by p?
1
Let m be (12/9)/(1/63). Suppose -4*d + m = 16. Suppose -3*b - 4 = -31. What is the remainder when d is divided by b?
8
Let r(g) be the second derivative of g + 0 - 1/3*g**4 - 3/20*g**5 - 5/6*g**3 - g**2. What is the remainder when r(-3) is divided by 20?
18
Suppose 0 = -a - 3*z + 14, a = -4*a - 3*z + 82. What is the remainder when 19 is divided by a?
2
Let f(m) = m**3 - 2*m**2 + 5*m - 3. Suppose -3*y + 6*y - 123 = 0. Calculate the remainder when y is divided by f(3).
20
Let b be (5/(-15))/(2/6). Calculate the remainder when 74 is divided by 20/1 - (2 + b).
17
Let y be -2 + (2 - 3) + 3. Suppose -j - 4 + 90 = y. Suppose 0 = -3*m - 32 + j. What is the remainder when 34 is divided by m?
16
Let t(c) = -5*c - 8. Calculate the remainder when 51 is divided by t(-7).
24
Let k(z) = -z**3 - 10*z**2 - 7*z + 28. What is the remainder when k(-10) is divided by 27?
17
Suppose -2*m - 2*x + 0 = -24, -4*m + 24 = -4*x. Suppose k - 18 = m. Calculate the remainder when k is divided by 15.
12
Let b(a) = 7 + 8*a - 13*a**2 + 5*a**2 + a**3 - 2 + 1. What is the remainder when b(7) is divided by 5?
3
What is the remainder when 118 is divided by 543/18 - (-1)/(-6)?
28
What is the remainder when 23 is divided by (26/78)/(1/18)?
5
Let h be (-2)/13 - (-1164)/(-39). What is the remainder when 45 is divided by ((-6)/5)/(3/h)?
9
Let u(c) = -c**3 - 4*c**2 + c + 4. Let d be u(-4). Suppose -4*r + 5*b + 1 = -8, -r + 3*b - 3 = d. What is the remainder when 11 is divided by r?
5
Let g = 4 + -4. Suppose 4*x = -g*x + 52. Let o = 41 - x. What is the remainder when o is divided by 15?
13
Let u(o) = 8*o**2 + 63*o**2 + 59*o**2. Let j be u(1). Suppose -j = -5*n - 25. Calcula